late the remainder when 21411879 is divided by 2434.
2415
What is the remainder when 319263 is divided by 45328?
1967
Calculate the remainder when 1419304 is divided by 141918.
124
What is the remainder when 6227721 is divided by 58198?
535
Calculate the remainder when 2713467 is divided by 137.
45
What is the remainder when 15277 is divided by 7314?
649
What is the remainder when 3693310 is divided by 307771?
58
What is the remainder when 17157206 is divided by 2451029?
3
Calculate the remainder when 4671416 is divided by 295.
91
What is the remainder when 7250885 is divided by 7250875?
10
What is the remainder when 487263 is divided by 5079?
4758
What is the remainder when 215453 is divided by 14972?
5845
What is the remainder when 34384869 is divided by 1248?
1221
Calculate the remainder when 14223641 is divided by 585.
536
What is the remainder when 7268426 is divided by 2932?
2930
What is the remainder when 93255 is divided by 1038?
873
Calculate the remainder when 314293 is divided by 204.
133
Calculate the remainder when 9379018 is divided by 1263.
1243
What is the remainder when 134878 is divided by 16799?
486
Calculate the remainder when 371331 is divided by 2846.
1351
What is the remainder when 168030 is divided by 55903?
321
What is the remainder when 20076740 is divided by 28?
12
What is the remainder when 1646716 is divided by 580?
96
What is the remainder when 2149775 is divided by 3?
2
Calculate the remainder when 1665007 is divided by 50453.
58
Calculate the remainder when 188894 is divided by 546.
524
Calculate the remainder when 796913 is divided by 33.
29
Calculate the remainder when 3341711 is divided by 66.
65
What is the remainder when 237498 is divided by 489?
333
What is the remainder when 291656 is divided by 86?
30
What is the remainder when 58454 is divided by 198?
44
Calculate the remainder when 37146636 is divided by 267.
261
Calculate the remainder when 87207 is divided by 4130.
477
What is the remainder when 22409911 is divided by 29682?
1
What is the remainder when 147219 is divided by 422?
363
Calculate the remainder when 1550443 is divided by 258406.
7
What is the remainder when 51057 is divided by 5315?
3222
What is the remainder when 1257839 is divided by 22?
11
What is the remainder when 82298 is divided by 823?
821
Calculate the remainder when 40143 is divided by 7862.
833
What is the remainder when 2446123 is divided by 71944?
27
What is the remainder when 15036150 is divided by 8850?
0
Calculate the remainder when 184436 is divided by 49.
0
What is the remainder when 6861880 is divided by 13?
12
What is the remainder when 346447 is divided by 15743?
101
Calculate the remainder when 53421 is divided by 6145.
4261
What is the remainder when 4362662 is divided by 1360?
1142
What is the remainder when 81405 is divided by 81224?
181
What is the remainder when 43663 is divided by 42989?
674
Calculate the remainder when 15271165 is divided by 44.
41
Calculate the remainder when 9779626 is divided by 26941.
43
Calculate the remainder when 574965595 is divided by 559.
555
Calculate the remainder when 3184310 is divided by 241.
218
Calculate the remainder when 6977294 is divided by 67087.
246
What is the remainder when 78592917 is divided by 12?
9
Calculate the remainder when 200101585 is divided by 4.
1
Calculate the remainder when 2187829 is divided by 2728.
2701
Calculate the remainder when 6340262 is divided by 6340256.
6
What is the remainder when 4578045 is divided by 1241?
1237
Calculate the remainder when 70070 is divided by 127.
93
What is the remainder when 2373171 is divided by 751?
11
What is the remainder when 201617 is divided by 249?
176
What is the remainder when 18720395 is divided by 34?
29
Calculate the remainder when 790117 is divided by 7746.
25
What is the remainder when 750418 is divided by 293?
45
Calculate the remainder when 5670861 is divided by 5670260.
601
Calculate the remainder when 3122397 is divided by 61.
51
Calculate the remainder when 1557543 is divided by 33139.
10
Calculate the remainder when 454742 is divided by 6219.
755
What is the remainder when 998713 is divided by 427?
387
Calculate the remainder when 542784 is divided by 41750.
34
What is the remainder when 1749388 is divided by 1855?
123
Calculate the remainder when 13653175 is divided by 1010.
1005
What is the remainder when 377115 is divided by 871?
843
What is the remainder when 843463 is divided by 964?
927
What is the remainder when 79355 is divided by 13215?
65
Calculate the remainder when 6522344 is divided by 543496.
392
What is the remainder when 1306736 is divided by 119?
116
Calculate the remainder when 26522681 is divided by 13261335.
11
What is the remainder when 2382382 is divided by 3361?
2794
Calculate the remainder when 15818212 is divided by 101.
97
What is the remainder when 1638571 is divided by 267?
259
Calculate the remainder when 85275 is divided by 14210.
15
What is the remainder when 385559 is divided by 4?
3
What is the remainder when 638870 is divided by 91257?
71
What is the remainder when 199264 is divided by 4304?
1280
Calculate the remainder when 29681 is divided by 14568.
545
Calculate the remainder when 1480927 is divided by 25100.
27
Calculate the remainder when 465109 is divided by 18.
7
Calculate the remainder when 17632332 is divided by 799.
0
What is the remainder when 230118 is divided by 1438?
38
What is the remainder when 491831 is divided by 98351?
76
What is the remainder when 43489463 is divided by 3106390?
3
Calculate the remainder when 3147493 is divided by 62.
1
Calculate the remainder when 2338252 is divided by 779413.
13
Calculate the remainder when 36646185 is divided by 20.
5
What is the remainder when 32437 is divided by 1197?
118
Calculate the remainder when 9489255 is divided by 220680.
15
What is the remainder when 24003603 is divided by 2862?
9
Calculate the remainder when 1835907 is divided by 917534.
839
Calculate the remainder when 69016750 is divided by 167.
159
Calculate the remainder when 77025 is divided by 1476.
273
Calculate the remainder when 38393 is divided by 9381.
869
What is the remainder when 3170744 is divided by 1621?
68
What is the remainder when 64708570 is divided by 4265?
4255
What is the remainder when 4538179 is divided by 567272?
3
What is the remainder when 5071018 is divided by 1516?
1514
Calculate the remainder when 263033 is divided by 1296.
1241
What is the remainder when 794776 is divided by 2667?
10
What is the remainder when 70504813 is divided by 3611?
38
Calculate the remainder when 2953000 is divided by 438.
4
What is the remainder when 2724396 is divided by 8961?
252
What is the remainder when 57367351 is divided by 2716?
2715
Calculate the remainder when 35721237 is divided by 537.
534
What is the remainder when 22891017 is divided by 77?
72
Calculate the remainder when 233036 is divided by 19.
1
Calculate the remainder when 931726 is divided by 1545.
91
What is the remainder when 250943 is divided by 124968?
1007
What is the remainder when 200292 is divided by 20021?
82
What is the remainder when 41240 is divided by 40982?
258
Calculate the remainder when 117606 is divided by 3360.
6
What is the remainder when 25503 is divided by 6067?
1235
Calculate the remainder when 8747286 is divided by 627.
9
What is the remainder when 21324 is divided by 3233?
1926
Calculate the remainder when 6913943 is divided by 1662.
23
Calculate the remainder when 1285964 is divided by 39.
17
What is the remainder when 28783 is divided by 262?
225
Calculate the remainder when 15782157 is divided by 1140.
1137
Calculate the remainder when 3563 is divided by 711.
8
Calculate the remainder when 66732 is divided by 11.
6
Calculate the remainder when 554826 is divided by 184936.
18
Calculate the remainder when 119809 is divided by 3379.
1544
Calculate the remainder when 356288 is divided by 44534.
16
What is the remainder when 24506384 is divided by 129?
125
Calculate the remainder when 73452 is divided by 11.
5
What is the remainder when 56745752 is divided by 37?
36
What is the remainder when 317703 is divided by 79180?
983
Calculate the remainder when 1165917 is divided by 129544.
21
What is the remainder when 9802 is divided by 8083?
1719
What i